{"id":99,"date":"2014-11-12T13:33:00","date_gmt":"2014-10-18T22:34:16","guid":{"rendered":"https:\/\/www.gstech.at\/testsuntracker\/unternehmen\/"},"modified":"2024-11-05T12:09:08","modified_gmt":"2024-11-05T11:09:08","slug":"unternehmen","status":"publish","type":"page","link":"https:\/\/www.gstech.at\/testsuntracker\/unternehmen\/","title":{"rendered":"Unternehmen"},"content":{"rendered":"\n<div class=\"wp-block-uagb-container uagb-block-bfcc35e7 alignfull uagb-is-root-container\"><div class=\"uagb-container-inner-blocks-wrap\"><\/div><\/div>\n\n\n\n<div class=\"wp-block-uagb-container uagb-block-a15da550 alignfull uagb-is-root-container\"><div class=\"uagb-container-inner-blocks-wrap\">\n<div class=\"wp-block-uagb-info-box uagb-block-914ffbf1 uagb-infobox__content-wrap  uagb-infobox-icon-above-title uagb-infobox-image-valign-top wp-block-uagb-info-box--has-margin\"><div class=\"uagb-infobox-margin-wrapper\"><div class=\"uagb-ifb-content\"><div class=\"uagb-ifb-title-wrap\"><h3 class=\"uagb-ifb-title\">UNTERNEHMEN<\/h3><\/div><p class=\"uagb-ifb-desc\">GS Technik Produktions- und Vertriebs GmbH&nbsp;wurde im Jahr 2012 gegr\u00fcndet und ist ein eigent\u00fcmergef\u00fchrtes, \u00f6sterreichisches Unternehmen mit dem Sitz in Bleiburg\/K\u00e4rnten. Wir planen, produzieren, liefern und montieren schl\u00fcsselfertig.&nbsp;Das Ziel ist es,&nbsp;die&nbsp;Selbstversorgung durch&nbsp;Sonnenenergie&nbsp;f\u00fcr jeden Haushalt zu gew\u00e4hrleisten.<\/p><\/div><\/div><\/div>\n<\/div><\/div>\n\n\n\n<div class=\"wp-block-uagb-container uagb-block-818b9274 alignfull uagb-is-root-container\"><div class=\"uagb-container-inner-blocks-wrap\">\n<div class=\"wp-block-group is-horizontal is-nowrap is-layout-flex wp-container-core-group-is-layout-abcfcf85 wp-block-group-is-layout-flex\">\n<figure class=\"wp-block-image alignleft size-full is-resized has-custom-border is-style-default\"><img decoding=\"async\" src=\"https:\/\/www.gstech.at\/testsuntracker\/wp-content\/uploads\/2024\/09\/unternehmen-Kopie-305x270-1.png\" alt=\"\" style=\"border-style:none;border-width:0px;width:537px;height:auto\"\/><\/figure>\n\n\n\n<div class=\"wp-block-uagb-info-box uagb-block-526f402d uagb-infobox__content-wrap  uagb-infobox-icon-above-title uagb-infobox-image-valign-top\"><div class=\"uagb-ifb-content\"><div class=\"uagb-ifb-title-wrap\"><h3 class=\"uagb-ifb-title\">Unser Leitbild ist<\/h3><\/div><p class=\"uagb-ifb-desc\">Als selbstst\u00e4ndiges Unternehmen f\u00fchlen wir uns in unserer Unternehmensstruktur zu folgenden Grunds\u00e4tzen verpflichtet:<br><br>1. Wir sind ein kundenorientiertes Unternehmen. Wir leben von unseren Auftraggebern. Die bestm\u00f6gliche Erf\u00fcllung ihrer Erwartungen unter Beachtung der g\u00fcltigen rechtlichen und wirtschaftlichen Rahmenbedingungen sowie der \u00f6kologischen und gesellschaftlichen Forderungen unserer Mitwelt ist Ziel der Firma.<br><br>2. Unsere Mitarbeiter sind der gr\u00f6\u00dfte Wert des Unternehmens. Wir wollen zufriedene und motivierte Mitarbeiter, die auf ihre Leistung und ihr Unternehmen stolz sind. Dies kann nur in einem Klima von Offenheit, Vertrauen, kollegialer Zusammenarbeit und gr\u00f6\u00dftm\u00f6glicher Kommunikation geschehen. Aufgabe der F\u00fchrungskr\u00e4fte ist es, dies durch Motivation und vorbildliches Verhalten zu sichern<br> und die Weiterentwicklung der Mitarbeiter zu f\u00f6rdern.<br><br>3. Wir sind innovativ, verbessern Bestehendes laufend, erkennen neue Bed\u00fcrfnisse und passen unsere Produkte und Dienstleistungen diesen Bed\u00fcrfnissen schnell an.<br><br>4. Wir bekennen uns zu Fairness im Wirtschaftsleben und zum partnerschaftlichen Verhalten gegen\u00fcber unseren Auftraggebern und allen Gesch\u00e4ftspartnern.<br><br>5. Wir m\u00fcssen einen Gewinn erwirtschaften, der die langfristige Entwicklung unseres Unternehmens und damit die Arbeitspl\u00e4tze sichert.<\/p><\/div><\/div>\n<\/div>\n<\/div><\/div>\n\n\n\n<p><\/p>\n","protected":false},"excerpt":{"rendered":"","protected":false},"author":1,"featured_media":2201,"parent":0,"menu_order":0,"comment_status":"open","ping_status":"open","template":"","meta":{"_uag_custom_page_level_css":"","site-sidebar-layout":"default","site-content-layout":"","ast-site-content-layout":"default","site-content-style":"default","site-sidebar-style":"default","ast-global-header-display":"","ast-banner-title-visibility":"","ast-main-header-display":"","ast-hfb-above-header-display":"","ast-hfb-below-header-display":"","ast-hfb-mobile-header-display":"","site-post-title":"disabled","ast-breadcrumbs-content":"","ast-featured-img":"","footer-sml-layout":"","theme-transparent-header-meta":"","adv-header-id-meta":"","stick-header-meta":"","header-above-stick-meta":"","header-main-stick-meta":"","header-below-stick-meta":"","astra-migrate-meta-layouts":"set","ast-page-background-enabled":"default","ast-page-background-meta":{"desktop":{"background-color":"var(--ast-global-color-4)","background-image":"","background-repeat":"repeat","background-position":"center center","background-size":"auto","background-attachment":"scroll","background-type":"","background-media":"","overlay-type":"","overlay-color":"","overlay-opacity":"","overlay-gradient":""},"tablet":{"background-color":"","background-image":"","background-repeat":"repeat","background-position":"center center","background-size":"auto","background-attachment":"scroll","background-type":"","background-media":"","overlay-type":"","overlay-color":"","overlay-opacity":"","overlay-gradient":""},"mobile":{"background-color":"","background-image":"","background-repeat":"repeat","background-position":"center center","background-size":"auto","background-attachment":"scroll","background-type":"","background-media":"","overlay-type":"","overlay-color":"","overlay-opacity":"","overlay-gradient":""}},"ast-content-background-meta":{"desktop":{"background-color":"var(--ast-global-color-5)","background-image":"","background-repeat":"repeat","background-position":"center center","background-size":"auto","background-attachment":"scroll","background-type":"","background-media":"","overlay-type":"","overlay-color":"","overlay-opacity":"","overlay-gradient":""},"tablet":{"background-color":"var(--ast-global-color-5)","background-image":"","background-repeat":"repeat","background-position":"center center","background-size":"auto","background-attachment":"scroll","background-type":"","background-media":"","overlay-type":"","overlay-color":"","overlay-opacity":"","overlay-gradient":""},"mobile":{"background-color":"var(--ast-global-color-5)","background-image":"","background-repeat":"repeat","background-position":"center center","background-size":"auto","background-attachment":"scroll","background-type":"","background-media":"","overlay-type":"","overlay-color":"","overlay-opacity":"","overlay-gradient":""}},"ngg_post_thumbnail":0,"footnotes":""},"class_list":["post-99","page","type-page","status-publish","has-post-thumbnail","hentry"],"uagb_featured_image_src":{"full":false,"thumbnail":false,"medium":false,"medium_large":false,"large":false,"1536x1536":false,"2048x2048":false},"uagb_author_info":{"display_name":"GS Technik Produktions-und VertriebsGmbH","author_link":"https:\/\/www.gstech.at\/testsuntracker\/author\/gs-technik-produktions-und-vertriebsgmbh\/"},"uagb_comment_info":0,"uagb_excerpt":null,"_links":{"self":[{"href":"https:\/\/www.gstech.at\/testsuntracker\/wp-json\/wp\/v2\/pages\/99","targetHints":{"allow":["GET"]}}],"collection":[{"href":"https:\/\/www.gstech.at\/testsuntracker\/wp-json\/wp\/v2\/pages"}],"about":[{"href":"https:\/\/www.gstech.at\/testsuntracker\/wp-json\/wp\/v2\/types\/page"}],"author":[{"embeddable":true,"href":"https:\/\/www.gstech.at\/testsuntracker\/wp-json\/wp\/v2\/users\/1"}],"replies":[{"embeddable":true,"href":"https:\/\/www.gstech.at\/testsuntracker\/wp-json\/wp\/v2\/comments?post=99"}],"version-history":[{"count":6,"href":"https:\/\/www.gstech.at\/testsuntracker\/wp-json\/wp\/v2\/pages\/99\/revisions"}],"predecessor-version":[{"id":5639,"href":"https:\/\/www.gstech.at\/testsuntracker\/wp-json\/wp\/v2\/pages\/99\/revisions\/5639"}],"wp:featuredmedia":[{"embeddable":true,"href":"https:\/\/www.gstech.at\/testsuntracker\/wp-json\/"}],"wp:attachment":[{"href":"https:\/\/www.gstech.at\/testsuntracker\/wp-json\/wp\/v2\/media?parent=99"}],"curies":[{"name":"wp","href":"https:\/\/api.w.org\/{rel}","templated":true}]}}